*h - 1 - 4*h + 3*h. Determine t(-1).
-7
Let i = 9 - 7. Let t(b) = -b**i - 47 + 50 - 3*b + 9*b. What is t(6)?
3
Let m(b) be the first derivative of -2*b**3/3 + 5*b**2/2 + 15*b - 1. Let f(w) = w**2 - 3*w - 8. Let o(s) = -11*f(s) - 6*m(s). What is o(-3)?
-2
Let x(o) = o**3 - o - 4. Let c = 12 + -12. Suppose -2*w = -c*w. What is x(w)?
-4
Let v(c) = -9*c + 0 + 0 + 10*c. Calculate v(7).
7
Suppose -3*z + 28 = z. Let a(p) = -17*p**3 + z + 6*p**3 + 10*p**3. Calculate a(0).
7
Let i(b) = -10*b**2 + 1. Let s(k) = k**2 + 1 - 31*k**2 + 2. Suppose 0 = -d + 5 - 2. Let t(l) = d*s(l) - 8*i(l). What is t(1)?
-9
Let n(t) be the first derivative of 0*t - 1/24*t**4 + t**2 - 2 + 1/6*t**3. Let v(k) be the second derivative of n(k). Give v(-4).
5
Let r(j) be the first derivative of -j**2/2 - 6*j + 2. Let g(h) = -h**2 - 8*h - 3. Let z(y) = -y**2 + 3*y - 4. Let p be z(4). Let u be g(p). Calculate r(u).
-3
Let a(d) be the third derivative of d**5/60 - 5*d**4/24 - 2*d**3/3 - 6*d**2. Let r be (0 - 2 - -4)*3. Give a(r).
2
Let s(d) = -d - 1. Let q be (-3)/((-3)/(-2))*210/60. Calculate s(q).
6
Let p(y) = -3*y**2 - y + 0*y**2 - 3*y**2 - y**3 + 2. Let l be 87/(-15) + 2/(-10). Calculate p(l).
8
Let o(g) = g**2 - 8*g + 8. Let q(d) = -d - 10. Let r be q(-17). Calculate o(r).
1
Let s(u) be the first derivative of u**2/2 + 5*u - 1. Let j(a) = -a**3 - a. Let v be j(1). Let g(d) = d - 1. Let q(c) = v*g(c) + s(c). Give q(4).
3
Let s be (1 + 9)/(-2 - -1). Let n be (s/4)/(2/(-4)). Let w(m) = 2*m**2 + m + 8. Let f(l) = -3*l**2 - 9. Let r(c) = -3*f(c) - 4*w(c). Give r(n).
0
Let y(p) = p**2 + 3*p + 2. Let m(v) = -4*v**2 + 2*v**3 + 6 + 10*v - v**3 - 17*v. Let o be m(5). Give y(o).
6
Let a(g) be the first derivative of -g**4/4 + 2*g**3 + 3*g**2/2 - 8*g - 6. Calculate a(6).
10
Let m(j) = -j**2 - 16*j + 4. Let c(n) = -n**2 - 15*n + 3. Let b(f) = -7*c(f) + 6*m(f). Calculate b(-8).
-5
Let u(d) = -d**2 + 3. Let k = 39 - 43. What is u(k)?
-13
Let y(m) = m**2 + m - 3. Let p be y(-3). Let x(n) = n**2 - 2*n - 3. Let t be x(-2). Let f(s) = t*s**2 - 2*s**3 + 3 + s**3 - 3*s - 5. Determine f(p).
7
Let m(p) = 13*p - 7*p - 3 + p**2 - 11*p. Give m(4).
-7
Let s be (-70)/22 + (-2)/(-11). Let b(d) = d**2 - 4*d + 5. Let f(t) = t**2 - 5*t + 6. Let j(i) = -i. Let r be j(7). Let q(p) = r*b(p) + 6*f(p). Determine q(s).
-2
Suppose 20 = 4*d + 2*l + l, d - 5 = l. Suppose 0 = -d*k - 3*i - 2*i + 30, 2*k - i + 3 = 0. Let x(m) = 15*m**2 - m + 1. Give x(k).
15
Let g(q) = -11*q**2 + 1. Let d be 1*-2 - (-2 + -2). Suppose -d*p = -5*p + 2*n - 1, n + 3 = 5*p. Give g(p).
-10
Let v(y) = -y**3 - y**2 - y + 1. Let u(j) = -4*j**3 - 2*j**2 - 3*j + 7. Let o(f) = 3*f. Let c be o(1). Let i(n) = c*v(n) - u(n). Give i(0).
-4
Suppose 0 = -2*f - 0*f + 16. Let v be (f/(-5))/((-4)/10). Let q(k) = -k**2 + 3*k - 1. Calculate q(v).
-5
Let j(c) = -c**2 - 3*c + 4. Suppose 24 = d - 5*s, 7*d - 3*d = -2*s + 8. Let p = 0 - d. What is j(p)?
0
Suppose -m = -5*m - 16. Let u(i) = -i**2 - 6*i + 2. Calculate u(m).
10
Let f(o) = 2*o**3 - 6*o**2 - 10*o + 7. Let i(t) = t**3 - t - 1. Let a(d) = f(d) - i(d). Determine a(7).
-6
Let c be ((-9)/6)/(3/(-8)). Let p(a) = -a**3 + 4*a**2 + 1. Determine p(c).
1
Let f(y) = -y**2 + y - 1. Let s be (-1)/(-2) - 45/(-10). Let z(g) = -3*g + s*g - 3 - 3*g + 2*g. Let v be z(4). What is f(v)?
-1
Suppose 5*r + 5*p + 15 = 0, 2*p = -0*p. Let x(d) be the second derivative of d**4/12 + d**3/6 - 14*d. Calculate x(r).
6
Let o = 13 - 8. Suppose -x - 2*x = 2*i + o, 5*x + 1 = 4*i. Let u(b) = 9*b**3 + b**2 - b - 1. Calculate u(i).
-8
Let g(k) = -3*k - 4*k**3 + 0*k**3 - 1 + 3*k**3 - 4*k**2. Suppose 0*v = 3*p - 2*v - 8, 4*p - 4 = 4*v. Let y = -9 + p. Give g(y).
-1
Suppose 2*o - 4 = -0*o. Let v(c) = -c**2 - 7*c - c**o + 2 - c**2 + 4*c**2. Give v(5).
-8
Suppose -3*t = -3*k + 3, -4*t - t - 5*k = -25. Suppose -t*w - d - 1 = -0, 4*w = -5*d - 11. Let n be -2*w/2 - -2. Let x(p) = p**3 - p + 1. What is x(n)?
1
Let v(i) = -3 + 0 + i + i. Calculate v(-3).
-9
Let b(k) = k**3 - 6*k**2 + 3*k + 6. Let r be (1 - 1) + 2 + -1. Suppose r = -2*v + 11. Give b(v).
-4
Let y(a) = -2*a - 5. Let f(p) = 3*p**2 + 8*p - 2. Let m(r) = -4*r**2 - 8*r + 2. Let s(t) = -5*f(t) - 4*m(t). Let u be s(7). Determine y(u).
5
Suppose -2 = 3*z - 8. Suppose -y = t + 1, -5*y = -z*t - y + 28. Let j(o) = 7*o - o - 3*o - 6. Determine j(t).
6
Let g(p) = -p**3 - 4*p**2 + 6*p + 6. Let k be (1 - 2) + -1 + -9. Let i = k + 6. Determine g(i).
1
Let g = 121 - 124. Let m be 2 + 3 + -1 + -3. Let r(q) = 4*q + q**3 + 4*q**2 - 4*q + q - m. Give r(g).
5
Let r(f) = -f**3 - 2*f**2 + f + 2. Let x be r(-2). Let p be -3*2/(-2) + x. Let q(d) = -d**3 + 3*d**2 + d. Calculate q(p).
3
Let q(x) = x**3 + 5*x**2 - 4*x + 3. Let i(p) = p**3. Let o(z) = -2*i(z) + q(z). Let a be o(4). Let b(v) = 0*v - 5 + v + 1 + a. Determine b(-4).
-5
Let t be 7/2*(-7)/(49/(-12)). Let p(q) = q**3 - 7*q**2 + 9*q - 5. What is p(t)?
13
Suppose -6 = 3*w + 6. Let o be (-18)/w - (-3)/(-6). Let l(r) = o + 2*r - 3*r - 2. Determine l(-2).
4
Let c(y) = y**2 + 5*y. Let t(h) = -7*h**2 - 2*h - 1. Let m be t(-1). Determine c(m).
6
Let m(f) = -f**2 - 5*f - 5. Suppose -3*w + 12 = -6*w. Calculate m(w).
-1
Suppose 22 = i - 5*f, 3*f - 5 = i - 19. Suppose i*b - 2*x + 10 = -8, -5*b - 29 = 3*x. Let o(k) = -k - 1. Give o(b).
6
Suppose 2*z - 5 = -1. Let u(h) = -h**2 + 3*h - 1. Calculate u(z).
1
Let r be (-9)/27 + 10/3. Let w(n) = -n - 2. Let f(a) = 2*a + 5. Let s(z) = -6*f(z) - 13*w(z). Let t be s(r). Let y(c) = 2*c. Give y(t).
-2
Suppose 0 = -5*f - 4*i + 1, 4*f + 2*i + 1 + 3 = 0. Let k(c) = -c**2 + 3. Let g be k(f). Let q(y) = y + 8. Determine q(g).
2
Suppose -3*t + 5 - 2 = 0. Let u(g) = -13*g. Give u(t).
-13
Let r = 8 - 10. Let h = r - -7. Let a(i) = 3 - 3*i + 0 + 2. Give a(h).
-10
Let c = 11 + -8. Let j(m) be the first derivative of -m**5/60 + m**4/8 + m**3/3 - 2. Let w(v) be the third derivative of j(v). Determine w(c).
-3
Let v = 8 + -7. Let z(p) = 6*p**3 + 0*p**2 + 4*p**2 - 1 - 3*p**2. Give z(v).
6
Let i(r) = -5*r**2 + 2. Let g(u) = -u + 2. Let h be g(4). What is i(h)?
-18
Let v(c) = c**3 + 5*c**2 + 4*c + 3. Let y be v(-4). Let z(d) = y*d + d + 0*d - 3*d - 2. Determine z(-5).
-7
Let a(d) = 3*d + 6. Let j(z) = -2*z + 10. Let q(x) = -x**3 + 9*x**2 - 6*x - 9. Let f be q(8). Let r be j(f). Calculate a(r).
-6
Let y = -1 + 2. Let o = 1 + y. Let r(h) = 0*h**2 + 2*h**3 + 3 + h**o + 2*h - h**3 + h**2. Determine r(-2).
-1
Let a(z) = z**3. Let p be ((-30)/9*-3)/2. Suppose -3*n = 2*n + l + 5, -25 = -p*l. Give a(n).
-8
Suppose 4*c - 5*g = -20, -2*c - 4*g - 2 = -18. Let j = c + 5. Let y(h) = h**3 - 6*h**2 + 3*h + 2. Calculate y(j).
-8
Let v(y) = -y**2 + 9*y - 4. Let o = 49 + -43. Give v(o).
14
Let g be (3 + 0)/(6/4). Let t be 18/5 - (-4)/10. Let a(c) = -3*c - 3*c**2 + 1 + 2*c + t*c**2 - 3. What is a(g)?
0
Let q = -43 - -40. Let t(z) be the first derivative of 3*z + 2/3*z**3 - 3/2*z**2 + 1/4*z**4 - 1. Give t(q).
3
Let a = 3 - 6. Let o = a + 1. Let u(k) = k**3 - 2*k. What is u(o)?
-4
Let k(z) = -4*z**2 - z. Let c be 6/4 + 20/(-8). Calculate k(c).
-3
Let h = -5 + 2. Let v(t) be the second derivative of t**6/360 + t**5/40 + t**4/12 - t**3/3 - t. Let z(j) be the second derivative of v(j). Calculate z(h).
2
Let t(x) = x + 1. Suppose -2*m - 4 = 8. Give t(m).
-5
Suppose -9*q + 5 = -14*q. Let t(s) = -7*s + 1. Give t(q).
8
Let w(p) = -p**3 - 5*p**2 + 4*p - 7. Let z(l) = -l - 8. Let i be z(12). Let q = i + 14. Give w(q).
5
Let d(h) = h**2 - 5*h - 1. Let c = -3 - -4. Suppose 0 = 3*i + 12, 2*i + 5 = 4*b - 11. Suppose 0 = -m + c, b*m + m - 7 = -s. Calculate d(s).
-5
Let w(k) = -k + 1. Let m(b) = 4*b + 2. Let h(l) = -4*l - 3. Let a(d) = 3*h(d) + 4*m(d). Let i(c) = -a(c) - 3*w(c). Determine i(0).
-2
Suppose 2*o - p + 9 = 0, -2*p + 0*p = 4*o + 30. Suppose 5*z = -5*x, -3*x + 2*z - 28 = -2*z. Let h = o - x. Let g(n) = 3*n + 3. Calculate g(h).
-3
Let w = -58 + 55. Let v(s) = s**3 + 3*s**2 - 3*s + 4. Calculate v(w).
13
Suppose -4*c + 9*c = 0. Let k(m) = c*m**3 + 2*m**3 + 4*m**2 + 3*m + m**3 - 2*m**3. Calculate k(-2).
2
Let f = 0 + -1. Let y = -1 - f. Let s(u) = u**2 - u - 7. Give s(y).
-7
Let m(u) = -u**2 + 6*u - 6. Let r be 3 + 3 - (1 - 0). What is m(r)?
-1
Let c(d) be the second derivative of -d**8/6720 - d**7/840 + d**6/144 + d**5/120 + d**4/6 - 4*d. Let g(p) be the third derivat